{"id":98,"date":"2020-04-01T09:09:34","date_gmt":"2020-04-01T09:09:34","guid":{"rendered":"http:\/\/schutzmasken-bergstrasse.de\/?page_id=98"},"modified":"2020-05-10T10:17:22","modified_gmt":"2020-05-10T10:17:22","slug":"start","status":"publish","type":"page","link":"https:\/\/www.wirsindbergstrasse.de\/?page_id=98","title":{"rendered":"Wir sind Bergstrasse e.V."},"content":{"rendered":"\n<p>Was wir machen:<\/p>\n\n\n\n<p>Die Geburtsstunde  unseres Vereins \u201eWir sind Bergstra\u00dfe\u201c  viel zeitgelich mit der LockDownphase im Zusammenhang mit Covid19, und das nicht ohne Hintergrund&#8230;<\/p>\n\n\n\n<p>W\u00e4hrend der verh\u00e4ngten Kontaktsperre in COVOD19 Zeiten, dem Warten und Nichtstun und dem Fehlen an Schutzausr\u00fcstung f\u00fcr Pflegepersonal und \u00c4rzten, stolperten die Iniatoren Dr. Bianca Scholz und Annalena Homa im Netz, \u00fcber eine Anleitung der Bundes\u00e4rtzekammer von\u00a0 selbstgen\u00e4hten Behelf-Mund-Nasenschutz. Durch einen Aufruf in der lokalen Presse meldeten sich bereits in der ersten Woche hunderte N\u00e4herinnen um ihre Unterst\u00fctzung und Mitarbeit anzubieten. Innerhalb von 2 Tagen bildete sich einen engagiertes Team von 20 Freiwilligen, die seitdem mit der Organisation und Koordination der Masken besch\u00e4ftigt sind.<\/p>\n\n\n\n<p>Die Aktion \u201eIch f\u00fcr Dich\u201c ward ins Leben gerufen.<\/p>\n\n\n\n<p><br>Bisher wurden \u00fcber 25.000 Behelfsmasken von ca. 400 Bergstr\u00e4\u00dfer N\u00e4hern und N\u00e4herinnen hergestellt. <\/p>\n\n\n\n<p>Unsere Verein \u201eWir sind Bergstra\u00dfe e.V.\u201c verfolgt gemeinn\u00fctzige Projekte an der Bergstra\u00dfe und wird sich auch zuk\u00fcnftig aktuellen Bed\u00fcrfnissen des Gemeinschaft zum Beispiel im Bereich der Bildung oder regionalen Wirtschaftsf\u00f6rderung stellen. Ihr d\u00fcrft gespannt sein.<\/p>\n\n\n\n<p><\/p>\n","protected":false},"excerpt":{"rendered":"<p>Was wir machen: Die Geburtsstunde unseres Vereins \u201eWir sind Bergstra\u00dfe\u201c viel zeitgelich mit der LockDownphase im Zusammenhang mit Covid19, und das nicht ohne Hintergrund&#8230; W\u00e4hrend der verh\u00e4ngten Kontaktsperre in COVOD19 Zeiten, dem Warten und Nichtstun und dem Fehlen an Schutzausr\u00fcstung f\u00fcr Pflegepersonal und \u00c4rzten, stolperten die Iniatoren Dr. Bianca Scholz und Annalena Homa im Netz, &hellip; <\/p>\n<p><a class=\"more-link btn\" href=\"https:\/\/www.wirsindbergstrasse.de\/?page_id=98\">Continue reading<\/a><\/p>\n","protected":false},"author":1,"featured_media":0,"parent":0,"menu_order":1,"comment_status":"closed","ping_status":"closed","template":"","meta":[],"_links":{"self":[{"href":"https:\/\/www.wirsindbergstrasse.de\/index.php?rest_route=\/wp\/v2\/pages\/98"}],"collection":[{"href":"https:\/\/www.wirsindbergstrasse.de\/index.php?rest_route=\/wp\/v2\/pages"}],"about":[{"href":"https:\/\/www.wirsindbergstrasse.de\/index.php?rest_route=\/wp\/v2\/types\/page"}],"author":[{"embeddable":true,"href":"https:\/\/www.wirsindbergstrasse.de\/index.php?rest_route=\/wp\/v2\/users\/1"}],"replies":[{"embeddable":true,"href":"https:\/\/www.wirsindbergstrasse.de\/index.php?rest_route=%2Fwp%2Fv2%2Fcomments&post=98"}],"version-history":[{"count":5,"href":"https:\/\/www.wirsindbergstrasse.de\/index.php?rest_route=\/wp\/v2\/pages\/98\/revisions"}],"predecessor-version":[{"id":491,"href":"https:\/\/www.wirsindbergstrasse.de\/index.php?rest_route=\/wp\/v2\/pages\/98\/revisions\/491"}],"wp:attachment":[{"href":"https:\/\/www.wirsindbergstrasse.de\/index.php?rest_route=%2Fwp%2Fv2%2Fmedia&parent=98"}],"curies":[{"name":"wp","href":"https:\/\/api.w.org\/{rel}","templated":true}]}}